{"id":590,"date":"2009-04-28T13:04:24","date_gmt":"2009-04-28T21:04:24","guid":{"rendered":"http:\/\/providentiallife.wordpress.com\/quotes-i-love\/"},"modified":"2015-05-15T10:06:59","modified_gmt":"2015-05-15T17:06:59","slug":"quotes-i-love","status":"publish","type":"page","link":"https:\/\/jenniepalluzzi.com\/blog\/quotes-i-love\/","title":{"rendered":"[Also of interest]"},"content":{"rendered":"<p><strong>Straight up, what did you hope to learn about here?<\/strong><\/p>\n<p>*****<\/p>\n<p><a href=\"http:\/\/www.nytimes.com\/2009\/05\/12\/opinion\/12brooks.html?em=&amp;adxnnl=1&amp;adxnnlx=1242230465-HfaUF0b8V8eUhLiLtNHrmQ\"><strong>George Vaillant<\/strong><\/a><\/p>\n<p>\u201cHappiness is love. Full Stop.\u201d<\/p>\n<p><strong>Gonz\u00e1lez &amp; Daughter, by Mar\u00eda Amparo Escand\u00f3n<\/strong><\/p>\n<p>\u201cIt was a game that my hair and the wind had. They played around together. In early summer, it is a welcome feeling.\u201d<\/p>\n<p>\u201cThat\u2019s the way feelings are, I thought. They come in packages, like socks.\u201d<\/p>\n<p><strong>Berkeley seismologist Robert Nadeau<\/strong>:<\/p>\n<p>&#8220;A lot of the randomness is just lack of knowledge.&#8221;<\/p>\n<p><strong>Barack Obama, November 14, 2008:<\/strong><\/p>\n<p>&#8220;But above all, I will never forget who this victory truly belongs to. It belongs to you.&#8221;<\/p>\n","protected":false},"excerpt":{"rendered":"<p>Straight up, what did you hope to learn about here? ***** George Vaillant \u201cHappiness is love. Full Stop.\u201d Gonz\u00e1lez &amp; Daughter, by Mar\u00eda Amparo Escand\u00f3n \u201cIt was a game that my hair and the wind had. They played around together. &hellip; <a href=\"https:\/\/jenniepalluzzi.com\/blog\/quotes-i-love\/\">Continue reading <span class=\"meta-nav\">&rarr;<\/span><\/a><\/p>\n","protected":false},"author":2,"featured_media":0,"parent":0,"menu_order":0,"comment_status":"open","ping_status":"open","template":"","meta":{"_monsterinsights_skip_tracking":false,"_monsterinsights_sitenote_active":false,"_monsterinsights_sitenote_note":"","_monsterinsights_sitenote_category":0,"footnotes":""},"class_list":["post-590","page","type-page","status-publish","hentry"],"_links":{"self":[{"href":"https:\/\/jenniepalluzzi.com\/blog\/wp-json\/wp\/v2\/pages\/590","targetHints":{"allow":["GET"]}}],"collection":[{"href":"https:\/\/jenniepalluzzi.com\/blog\/wp-json\/wp\/v2\/pages"}],"about":[{"href":"https:\/\/jenniepalluzzi.com\/blog\/wp-json\/wp\/v2\/types\/page"}],"author":[{"embeddable":true,"href":"https:\/\/jenniepalluzzi.com\/blog\/wp-json\/wp\/v2\/users\/2"}],"replies":[{"embeddable":true,"href":"https:\/\/jenniepalluzzi.com\/blog\/wp-json\/wp\/v2\/comments?post=590"}],"version-history":[{"count":12,"href":"https:\/\/jenniepalluzzi.com\/blog\/wp-json\/wp\/v2\/pages\/590\/revisions"}],"predecessor-version":[{"id":5837,"href":"https:\/\/jenniepalluzzi.com\/blog\/wp-json\/wp\/v2\/pages\/590\/revisions\/5837"}],"wp:attachment":[{"href":"https:\/\/jenniepalluzzi.com\/blog\/wp-json\/wp\/v2\/media?parent=590"}],"curies":[{"name":"wp","href":"https:\/\/api.w.org\/{rel}","templated":true}]}}